e
Is 183254566 a multiple of 11?
True
Does 95 divide 29785825?
True
Is 91478877 a multiple of 1337?
True
Is 30 a factor of 6442058?
False
Is 31535622 a multiple of 207?
True
Is 623693620 a multiple of 209?
True
Does 72 divide 247071778?
False
Does 25 divide 23747925?
True
Is 134363886 a multiple of 354?
True
Is 3179 a factor of 448687239?
True
Does 284 divide 12496852?
True
Does 2 divide 2814193?
False
Does 1348 divide 314028334?
False
Is 12 a factor of 44517867?
False
Does 269 divide 45999635?
False
Is 27 a factor of 2535026925?
False
Is 16587072 a multiple of 432?
True
Does 4072 divide 871770408?
True
Does 474 divide 284804790?
False
Is 8067552 a multiple of 12?
True
Does 144 divide 499530699?
False
Does 15 divide 1049951100?
True
Is 9744261 a multiple of 3?
True
Is 42403690 a multiple of 6995?
True
Is 3611 a factor of 2637700627?
False
Is 33999951 a multiple of 106?
False
Is 48 a factor of 1139161886?
False
Does 24 divide 14205816?
True
Is 4761737110 a multiple of 130?
True
Is 26923342 a multiple of 646?
True
Does 44 divide 872258554?
False
Is 171381441 a multiple of 1929?
False
Does 370 divide 270142503?
False
Does 4 divide 529325022?
False
Is 36465720 a multiple of 1110?
True
Is 16729969 a multiple of 4?
False
Is 2324992248 a multiple of 164?
True
Does 122 divide 1107822?
False
Is 3501843976 a multiple of 86?
True
Is 31 a factor of 158114686?
False
Does 25 divide 10266222?
False
Does 123 divide 5735337?
False
Is 2005007 a multiple of 5?
False
Is 356 a factor of 434164072?
True
Is 25 a factor of 527469275?
True
Is 258 a factor of 57462454?
False
Does 8066 divide 120489908?
True
Is 725404758 a multiple of 1443?
True
Is 71 a factor of 1216832177?
False
Is 63 a factor of 68390955?
False
Is 48010837 a multiple of 121?
False
Is 43 a factor of 2366591?
True
Is 405 a factor of 358749000?
True
Is 12 a factor of 270616291?
False
Is 248344238 a multiple of 2671?
True
Is 108002275 a multiple of 613?
False
Is 33 a factor of 104236284?
False
Does 49 divide 1052123884?
True
Is 1807872957 a multiple of 6?
False
Is 1114 a factor of 13726708?
True
Is 1471088 a multiple of 8?
True
Is 5 a factor of 213945012?
False
Does 67 divide 25490217?
True
Is 1037 a factor of 70028610?
True
Does 124 divide 1009391341?
False
Does 740 divide 209395016?
False
Does 4 divide 82124256?
True
Does 7 divide 10694111?
False
Is 35117225 a multiple of 13?
True
Is 17 a factor of 30546599?
False
Does 295 divide 107345455?
False
Is 4660823945 a multiple of 7?
False
Is 475164248 a multiple of 3348?
False
Is 367 a factor of 1202168321?
True
Does 1319 divide 925008105?
True
Is 292 a factor of 1513067?
False
Is 62279658 a multiple of 333?
True
Is 90 a factor of 28905570?
True
Does 315 divide 176485313?
False
Is 88 a factor of 352221884?
False
Is 5569 a factor of 859636409?
True
Is 28 a factor of 664062560?
True
Is 796 a factor of 77634356?
False
Does 29 divide 16119186?
True
Is 465401835 a multiple of 53?
False
Does 32 divide 327977778?
False
Is 1710 a factor of 2262579660?
True
Is 18964290 a multiple of 42?
False
Is 1668239302 a multiple of 11?
False
Is 316712199 a multiple of 10?
False
Is 1844 a factor of 899281920?
True
Does 36 divide 50338599?
False
Is 819 a factor of 38492793?
False
Does 1181 divide 217021741?
True
Is 56656143 a multiple of 2469?
True
Is 127480739 a multiple of 415?
False
Does 35 divide 487235644?
False
Does 1307 divide 186152089?
True
Is 163411264 a multiple of 16?
True
Is 830 a factor of 23946166?
False
Is 2521 a factor of 1926764495?
False
Is 189055395 a multiple of 109?
False
Is 12 a factor of 7804620?
True
Is 14811405 a multiple of 10?
False
Is 175736258 a multiple of 25?
False
Does 281 divide 284880682?
False
Does 1050 divide 6212087?
False
Is 2299884916 a multiple of 684?
False
Is 103032259 a multiple of 2499?
False
Is 200 a factor of 56059838?
False
Is 107 a factor of 18567496?
True
Does 462 divide 12522048?
True
Is 12571500 a multiple of 102?
True
Is 506995731 a multiple of 657?
True
Is 3256690356 a multiple of 36?
True
Is 11708145 a multiple of 25?
False
Is 53 a factor of 23207191?
False
Does 94 divide 50725969?
False
Is 89 a factor of 10257962?
True
Is 44 a factor of 16535222?
False
Is 22562739 a multiple of 2041?
False
Is 18 a factor of 35758941?
False
Does 18 divide 7242418?
False
Is 50 a factor of 1702823?
False
Is 77023993 a multiple of 5?
False
Does 28 divide 27443201?
False
Is 55280568 a multiple of 11?
False
Is 945969975 a multiple of 37?
False
Does 8 divide 13748830?
False
Is 1256 a factor of 899244504?
True
Does 1863 divide 19337940?
True
Is 752 a factor of 101369600?
True
Does 62 divide 17342640?
True
Does 59 divide 14818848?
False
Does 951 divide 71992564?
False
Does 123 divide 792876422?
False
Is 1536755 even?
False
Is 15189131 a multiple of 4?
False
Is 6 a factor of 99421795?
False
Is 37131108 a multiple of 12?
True
Is 35460954 a multiple of 47?
False
Is 20 a factor of 3416940?
True
Does 274 divide 34411660?
True
Is 130725128 a multiple of 93?
False
Is 2 a factor of 31891882?
True
Does 7 divide 232437269?
False
Is 2761 a factor of 357505103?
False
Does 24 divide 35163808?
False
Is 499416 a multiple of 24?
True
Is 540 a factor of 359953445?
False
Does 182 divide 94561376?
True
Does 61 divide 6963150?
True
Is 3 a factor of 728448018?
True
Does 97 divide 11573458?
True
Does 6 divide 199285951?
False
Is 1185 a factor of 61558380?
True
Is 91 a factor of 6527191770?
False
Is 17817555 a multiple of 122?
False
Does 422 divide 881229262?
True
Is 321 a factor of 647704170?
True
Does 14 divide 44177947?
False
Is 244 a factor of 295505960?
True
Is 665555 even?
False
Is 12 a factor of 1521710472?
True
Does 147 divide 26830531?
False
Is 1160 a factor of 39585000?
True
Does 52 divide 54994876?
False
Does 139 divide 18953623?
True
Is 135 a factor of 13674166?
False
Does 310 divide 10891154?
False
Is 1459 a factor of 9517057?
True
Does 16 divide 62129792?
True
Is 22 a factor of 234209184?
True
Does 613 divide 1908494795?
False
Is 6427798 a multiple of 231?
False
Is 13115250 a multiple of 25?
True
Is 1625810060 a multiple of 7455?
False
Does 4 divide 14497433?
False
Is 5685 a factor of 443022268?
False
Does 72 divide 3467561257?
False
Is 11 a factor of 9313966?
False
Is 155 a factor of 57825322?
False
Is 1152835627 a multiple of 509?
True
Is 894 a factor of 8627615?
False
Is 404 a factor of 594205461?
False
Is 36 a factor of 3708998746?
False
Is 30 a factor of 7108230?
True
Is 309 a factor of 12725771?
False
Is 637 a factor of 87501505?
True
Is 7185556 a multiple of 427?
True
Is 29295246 a multiple of 388?
False
Is 399870933 a multiple of 33?
True
Does 774 divide 17566028?
False
Does 950 divide 1396557000?
True
Is 220500566 a multiple of 1163?
False
Is 37924796 a multiple of 52?
True
Is 660835829 a multiple of 5454?
False
Does 15 divide 194813341?
False
Does 272 divide 63442574?
False
Is 186317768 a multiple of 338?
True
Is 14 a factor of 34011754?
True
Is 95 a factor of 280819050?
True
Is 25606897 a multiple of 397?
True
Does 24 divide 13526259?
False
Is 415091795 a multiple of 9?
False
Does 69 divide 47348946?
False
Is 4245618 a multiple of 6?
True
Does 12 divide 580857192?
True
Does 444 divide 6119208?
True
Is 207351408 a multiple of 1254?
True
Does 2191 divide 64562197?
True
Is 129719840 a multiple of 80?
True
Does 499 divide 346390331?
True
Is 1372 a factor of 12077716?
True
Is 15 a factor of 1288554480?
True
Is 24486950 a multiple of 115?
True
Does 2922 divide 1346096516?
False
Is 5145366 a multiple of 173?
True
Is 96 a factor of 379410144?
True
Is 25 a factor of 52195225?
True
Is 11 a factor of 52506531?
True
Does 153 divide 271318725?
True
Does 9 divide 1735739154?
True
Is 172774718 a multiple of 662?
True
Is 126602057 a multiple of 1171?
False
Does 89 divide 304358106?
True
Is 189 a factor of 1572751971?
True
Is 155 a factor of 859966272?
False
Is 44843338 a multiple of 58?
True
Is 110852640 a multiple of 581?
False
Is 9 a factor of 391970416?
False
Does 21 divide 13737597?
False
Does 254 divide 1518607906?
False
Is 60012798 a multiple of 228?
False
Is 3644042417 a multiple of 28?
False
Is 1980 a factor of 46675695?
False
Is 52801086 a multiple of 39?
True
Is 1275 a factor of 426023400?
True
Is 40530880 a multiple of 5?
True
Is 80 a factor of 1571